 39*r**2 + 660*r + 15533. Give d(-46).
-15
Let x(m) = m**2 - 160*m + 2514. Calculate x(144).
210
Let c(k) = k**3 + 244*k**2 - 5578*k - 3474. Determine c(-265).
-29
Let q(v) = 34526*v - 2244155. What is q(65)?
35
Let t(g) = 3*g**2 + 266*g - 41276. What is t(81)?
-47
Let h(n) = n**3 - n**2 - 173*n - 607. Give h(-4).
5
Let a(s) = 6856*s + 34387. Determine a(-5).
107
Let n(t) = -13*t**3 - 325*t**2 - 1494*t - 84. Calculate n(-6).
-12
Let t(f) = 16*f**2 - 56*f - 162. Give t(-3).
150
Let w(d) = d**3 - 42*d**2 - 8*d + 1496. What is w(41)?
-513
Let m(z) = -12*z**2 + 205*z - 559. Determine m(3).
-52
Let w(a) = 4742*a + 151727. What is w(-32)?
-17
Let p(b) = -2*b**3 - 43*b**2 - 184*b + 32. Determine p(-17).
559
Let m(j) = -j**2 + 437*j - 11833. Calculate m(29).
-1
Let f(y) = -38*y**2 - 1252*y + 8968. Determine f(-39).
-2
Let p(g) = 3815*g - 69104. Give p(18).
-434
Let d(u) = 68*u**2 + 101930*u - 2998. What is d(-1499)?
0
Let w(j) = -2568*j + 1117067. Determine w(435).
-13
Let w(t) = 14983*t + 16166654. Calculate w(-1079).
-3
Let z(v) = -v**2 - 35*v + 4390. What is z(-86)?
4
Let o(a) = 11407*a - 11480. What is o(1)?
-73
Let r(d) = -459*d + 1111. What is r(3)?
-266
Let q(a) = 57*a**2 - 992*a + 14. Give q(17).
-377
Let v(y) = 17*y**2 + 100180*y - 300530. Determine v(3).
163
Let v(f) = 32230*f + 708912. Calculate v(-22).
-148
Let h(v) = -v**3 - 227*v**2 - 4123*v + 3551. What is h(-207)?
32
Let b(x) = 2*x**3 - 380*x**2 + 1298*x - 246639. Calculate b(190).
-19
Let t(f) = -54*f**2 + 11231*f + 221. Determine t(208).
13
Let m(b) = 29*b**3 + 14*b**2 + 28*b + 27. Calculate m(-1).
-16
Let n(b) = -3*b**3 + 69*b**2 - 22374*b + 514608. Give n(23).
6
Let g(y) = 27*y**3 - 90*y**2 + 226*y - 599. Determine g(3).
-2
Let i(r) = -7*r**3 + 414*r**2 + 3238*r - 25. What is i(-7)?
-4
Let y(a) = -214*a**2 - 414*a + 613. Calculate y(1).
-15
Let m(d) = -7*d**3 - 4*d**2 - 37*d + 5. Give m(-5).
965
Let h(f) = 3*f**3 + 72*f**2 - 212*f + 853. Determine h(-27).
16
Let u(l) = 2*l**2 - 85*l - 115. What is u(34)?
-693
Let r(v) = -38*v**2 + 323*v - 1272. Determine r(7).
-873
Let k(t) = 782*t + 153608. Calculate k(-197).
-446
Let f(t) = -t**3 - 7*t**2 - 400*t - 4317. Determine f(-10).
-17
Let t(q) = 64481*q - 322391. Give t(5).
14
Let g(w) = 294*w + 13741. Determine g(-50).
-959
Let y(t) = t**3 - 27*t**2 + 10*t - 531. Give y(24).
-2019
Let u(y) = -y**2 + 52*y - 545. Calculate u(30).
115
Let a(b) = -b**3 - 800*b + 3240. Determine a(4).
-24
Let i(w) = -w**3 + 1958*w**2 + 55609*w + 103. What is i(-28)?
75
Let v(a) = 827*a**2 + 2364*a - 203. Determine v(-3).
148
Let p(g) = -2672*g + 18663. Determine p(7).
-41
Let k(w) = 52*w**2 - 309*w - 65. Give k(0).
-65
Let r(p) = -p**3 + 7*p**2 - 661*p - 5. What is r(0)?
-5
Let g(j) = 36*j**2 - 9310*j + 5703. Determine g(258).
27
Let x(b) = -b**3 + 229*b**2 - 264*b + 8139. What is x(228)?
-69
Let s(q) = -q**3 + 23*q**2 + 287*q - 8. Give s(-9).
1
Let z(i) = -i**3 + 19*i**2 + 139*i - 747. What is z(6)?
555
Let t(x) = 2113*x + 215516. What is t(-102)?
-10
Let f(b) = 389*b**2 + 1436*b - 11. Calculate f(-4).
469
Let x(o) = 4580*o + 993852. Determine x(-217).
-8
Let k(x) = 198*x - 1448. Determine k(8).
136
Let h(b) = 1374*b**2 + 28*b - 30. What is h(1)?
1372
Let m(w) = 64*w**2 + 480*w - 2749. Calculate m(6).
2435
Let i(h) = h**3 + 29*h**2 + 8281*h + 249324. Determine i(-30).
-6
Let f(n) = -n**3 + 31*n**2 + 2704*n - 91854. Determine f(37).
-20
Let i(q) = -q**2 + 88700*q + 88700. Determine i(-1).
-1
Let r(v) = v**2 + 217*v + 3754. Determine r(0).
3754
Let k(x) = -512*x + 21833. Calculate k(43).
-183
Let b(c) = c**2 - 67*c + 1148. Determine b(63).
896
Let h(f) = f**3 - 552*f**2 - 470*f - 353458. Give h(554).
-6
Let t(k) = 10*k**3 - 28*k**2 - k - 12. Calculate t(6).
1134
Let x(a) = 12*a**2 + 109*a + 31. What is x(-8)?
-73
Let a(x) = -12831*x - 179627. Give a(-14).
7
Let j(s) = -2*s**2 - 11088*s - 396580. Give j(-36).
-4
Let c(r) = -6*r**3 + 176*r**2 + 15*r - 2116. What is c(29)?
1
Let t(k) = 2304*k + 80650. Give t(-35).
10
Let n(f) = 2791*f - 240020. Calculate n(86).
6
Let u(y) = -y**3 - 107*y**2 - 366*y - 16430. Determine u(-105).
-50
Let b(l) = -25*l + 152. Give b(20).
-348
Let a(d) = -10*d**3 - 538*d**2 - 6586*d - 206. Give a(-35).
4
Let g(x) = x**3 + 47*x**2 - 7282*x - 240. What is g(-112)?
-16
Let l(v) = -v**2 + 121*v - 3363. What is l(51)?
207
Let m(j) = 1470*j + 4374. What is m(-5)?
-2976
Let s(c) = -16*c**2 + 1336*c + 10131. What is s(-7)?
-5
Let w(b) = -8*b**2 - 2090*b + 21143. Calculate w(-271).
5
Let i(g) = -3479*g - 27380. Calculate i(-8).
452
Let a(p) = -p**3 - 7*p**2 + p - 16. Give a(4).
-188
Let z(o) = -o**3 + 18*o**2 + 2039*o + 70. Give z(-37).
-78
Let w(i) = 34*i + 2730. Calculate w(-82).
-58
Let x(k) = -k**3 + 182*k**2 - 79*k + 13447. What is x(182)?
-931
Let r(s) = -2843*s + 1353264. What is r(476)?
-4
Let v(y) = -34*y**2 + 6138*y - 12. Determine v(180).
3228
Let u(s) = s**2 + 28834*s - 86523. Calculate u(3).
-12
Let h(p) = -1356*p + 35323. Calculate h(26).
67
Let x(r) = 23*r**2 - 439*r - 15268. Determine x(37).
-24
Let n(y) = 361*y + 17147. Calculate n(-60).
-4513
Let u(g) = -g**2 - 466*g + 4875. Give u(10).
115
Let v(x) = x**2 + 542*x + 63075. What is v(-169)?
38
Let m(t) = t**3 - 16539*t**2 - 198602*t + 119. Give m(-12).
-1
Let s(i) = i**2 - 12542*i - 389758. Determine s(-31).
5
Let f(g) = g**3 - 14*g**2 + 347*g + 2202. Calculate f(-5).
-8
Let a(q) = -q**3 - 75*q**2 + 326*q + 1008. Determine a(-79).
218
Let a(c) = -50*c**2 - 2735*c - 10166. Give a(-4).
-26
Let c(f) = -694*f + 14645. Determine c(21).
71
Let p(l) = -1770*l - 964. Calculate p(1).
-2734
Let y(c) = c**3 - 17*c**2 - 219*c + 2022. Give y(7).
-1
Let d(n) = 10*n**3 + 9*n**2 + 478*n - 1003. What is d(2)?
69
Let k(n) = 7*n**2 + 11550*n - 104515. Calculate k(9).
2
Let h(q) = -68792*q - 275123. Give h(-4).
45
Let m(z) = 2196*z + 1010061. Give m(-460).
-99
Let j(y) = 2*y**2 - 105*y + 1890. Determine j(47).
1373
Let x(l) = -l**2 + 92*l + 4782. Give x(130).
-158
Let o(c) = 77*c + 4584. Determine o(-32).
2120
Let f(j) = -8*j**2 - 108*j + 2793. What is f(-25)?
493
Let u(f) = -30*f - 1990. Calculate u(-130).
1910
Let n(p) = 38400*p + 38379. Determine n(-1).
-21
Let g(j) = -3*j**3 + 354*j**2 + 35683*j + 359. Give g(183).
-7
Let s(o) = -3997*o + 192302. Determine s(48).
446
Let n(d) = 11*d**2 + 654*d + 445. What is n(-59)?
150
Let f(t) = 343*t - 1086. Calculate f(3).
-57
Let r(t) = t**3 + 119*t**2 + 1574*t + 6. Determine r(-15).
-204
Let b(t) = 248*t - 2035. Give b(8).
-51
Let j(z) = -6*z**2 - 2491*z + 7546. Calculate j(3).
19
Let c(n) = -n**3 - 12*n**2 + 840*n + 688. Determine c(-35).
-537
Let q(a) = 9536*a + 26763. Give q(-3).
-1845
Let b(m) = -2904977*m - 17429864. Calculate b(-6).
-2
Let h(i) = -3*i**2 + 152*i + 3812. What is h(-23)?
-1271
Let r(x) = 2*x**3 + 83*x**2 + 25*x - 107. Determine r(-41).
549
Let b(z) = -z**3 - 17*z**2 - 53*z - 202. Calculate b(-14).
-48
Let l(m) = -m**2 + 389*m + 76793. Calculate l(-144).
41
Let o(m) = 1417*m + 44236. What is o(-31)?
309
Let y(x) = 2*x**3 - 49*x**2 + 76*x - 1110. Determine y(24).
138
Let m(t) = t**2 - 632*t - 148159. Calculate m(-182).
-11
Let b(h) = 2*h**3 + 207*h**2 - 105*h - 86. What is b(-104)?
18
Let u(s) = 57*s**3 - 3*s**2 - 2*s + 14. Determine u(-2).
-450
Let m(x) = -2*x**3 - 266*x**2 - 1016*x + 9. Calculate m(-4).
-55
Let n(z) = -3*z**3 - 53*z**2 - 4*z + 2070. What is n(-9)?
0
Let d(j) = 715*j + 71635. Determine d(-100).
135
Let f(z) = 14431*z + 562806. Calculate f(-39).
-3
Let p(y) = 21514*y - 128949. Give p(6).
135
Let z(k) = 304276*k - 5781242. Determine z(19).
2
Let i(c) = -28*c**2 + 1929*c - 1675. Calculate i(68).
25
Let i(c) = -1097*c + 15357. Calculate i(14).
-1
Let i(f) = -424*f + 24201. What is i(59)?
-815
Let j(r) = -r**3 - 27*r**2 - 39*r - 716. What is j(-27)?
337
Let b(q) = 323*q**2 + 9365*q + 40. Determine b(-29).
98
Let g(w) = -3847*w - 19200. Determine g(-5).
35
Let v(p) = -63*p - 7020. What is v(-116)?
288
Let p(o) = -609*o**2 + 7321*o - 47. Give p(12).
109
Let f(z) = 11*z**2 + 5155*z + 10306. Determine f(-2).
40
Let m(v) = -7406*v - 14816. What is m(-2)?
-4
Let i(u) = 1063*u - 258309. Give i(243).
0
Let t(u) = 12*u**2 - 184*u - 133. What is t(16)?
-5
Let f(p) = -10*p**2 - 1460*p - 20802. Give f(-16).
-2
Let h(k) = k**2 - 4*